{"id":4984,"date":"2025-09-12T22:20:04","date_gmt":"2025-09-12T20:20:04","guid":{"rendered":"https:\/\/xn--lfsreisen-z7a.de\/?page_id=4984"},"modified":"2025-09-12T22:20:04","modified_gmt":"2025-09-12T20:20:04","slug":"kroatien-2025","status":"publish","type":"page","link":"https:\/\/xn--lfsreisen-z7a.de\/?page_id=4984","title":{"rendered":"Kroatien 2025"},"content":{"rendered":"<p>Im Sommer 2025 wollten wir dann doch endlich mal den Versuch wagen, uns Kroatien aus der N\u00e4he anzuschauen.<\/p>\n<p>Die Beitr\u00e4ge dazu sind hier zu finden:<\/p>\n<h2 class=\"display-posts-title\">Urlaub 2024 nach Kroatien<\/h2>\n<ul class=\"display-posts-listing\"><li class=\"listing-item\"><a class=\"title\" href=\"https:\/\/xn--lfsreisen-z7a.de\/?p=4986\">Lecker Essen in Ha\u00dffurt<\/a> <span class=\"date\">(12.Sep. 2025)<\/span> <span class=\"excerpt-dash\">-<\/span> <span class=\"excerpt\">Der Sommer neigte sich hierzulande schon allm\u00e4hlich dem herbstlichen Ende zu, doch wir starten endlich in den wohlverdienten Sommerurlaub. Schon l\u00e4nger auf unserer Liste, sollte es dieses Jahr mal nach&hellip; <span class=\"excerpt-more\">...<\/span><\/span><\/li><li class=\"listing-item\"><a class=\"title\" href=\"https:\/\/xn--lfsreisen-z7a.de\/?p=5000\">Sonne in Salzburg<\/a> <span class=\"date\">(13.Sep. 2025)<\/span> <span class=\"excerpt-dash\">-<\/span> <span class=\"excerpt\">Da der Abend mit f\u00fcrchterlichen und ergiebigen Regenf\u00e4llen vorhergesagt war, begannen wir den Tag urlaubsun\u00fcblich schon recht fr\u00fch und sa\u00dfen bereits um kurz nach zehn auf den R\u00e4dern und rollten&hellip; <span class=\"excerpt-more\">...<\/span><\/span><\/li><li class=\"listing-item\"><a class=\"title\" href=\"https:\/\/xn--lfsreisen-z7a.de\/?p=5009\">Wo bleibt das Meer?<\/a> <span class=\"date\">(15.Sep. 2025)<\/span> <span class=\"excerpt-dash\">-<\/span> <span class=\"excerpt\">Der Regen kam, aber er kam deutlich sp\u00e4ter als versprochen, so dass wir uns morgens recht viel Zeit lassen konnten, um halbwegs trockenen Fu\u00dfes die notwendigen Unternehmungen durchf\u00fchren zu k\u00f6nnen,&hellip; <span class=\"excerpt-more\">...<\/span><\/span><\/li><li class=\"listing-item\"><a class=\"title\" href=\"https:\/\/xn--lfsreisen-z7a.de\/?p=5018\">Die Camping Stadt<\/a> <span class=\"date\">(19.Sep. 2025)<\/span> <span class=\"excerpt-dash\">-<\/span> <span class=\"excerpt\">Ein sensationelles Timing bewiesen wir unbeabsichtigt beim Aufbruch in Opatija. Denn als wir in Brestova, dem Hafen der F\u00e4hre hin\u00fcber nach Cres, ankamen, waren wir eines der letzten Autos, die&hellip; <span class=\"excerpt-more\">...<\/span><\/span><\/li><li class=\"listing-item\"><a class=\"title\" href=\"https:\/\/xn--lfsreisen-z7a.de\/?p=5021\">Die Stille Kroatiens<\/a> <span class=\"date\">(22.Sep. 2025)<\/span> <span class=\"excerpt-dash\">-<\/span> <span class=\"excerpt\">Auf der Suche nach einem sch\u00f6nen, ruhigen Stellplatz mit Blick aufs Meer, und nicht nur inmitten einer pulsierenden Gro\u00dfstadt mit Eisenbahnanbindung an die K\u00fcste, fuhren wir dann weiter auf die&hellip; <span class=\"excerpt-more\">...<\/span><\/span><\/li><li class=\"listing-item\"><a class=\"title\" href=\"https:\/\/xn--lfsreisen-z7a.de\/?p=5037\">Paradiesische Schw\u00e4che<\/a> <span class=\"date\">(28.Sep. 2025)<\/span> <span class=\"excerpt-dash\">-<\/span> <span class=\"excerpt\">Nun kamen leider zwei einschneidende und eklatante Herausforderungen auf uns zu. Juttas Halsschmerzen hatten sich auch nach einem Tag keinen Deut verbessert und zudem drohte der Wetterbericht mal wieder mit&hellip; <span class=\"excerpt-more\">...<\/span><\/span><\/li><li class=\"listing-item\"><a class=\"title\" href=\"https:\/\/xn--lfsreisen-z7a.de\/?p=5059\">Ein gallisches Dorf<\/a> <span class=\"date\">(29.Sep. 2025)<\/span> <span class=\"excerpt-dash\">-<\/span> <span class=\"excerpt\">Der Weg f\u00fchrte uns \u00fcber den Ort Pag auf der Insel Pag nach Nin, was wiederum auf dem Festland zu finden ist. Nin wurde uns von mehreren Seiten empfohlen. Eine&hellip; <span class=\"excerpt-more\">...<\/span><\/span><\/li><\/ul>\n","protected":false},"excerpt":{"rendered":"<p>Im Sommer 2025 wollten wir dann doch endlich mal den Versuch wagen, uns Kroatien aus der N\u00e4he anzuschauen. Die Beitr\u00e4ge dazu sind hier zu finden:<\/p>\n","protected":false},"author":1,"featured_media":0,"parent":0,"menu_order":0,"comment_status":"closed","ping_status":"closed","template":"","meta":{"ocean_post_layout":"","ocean_both_sidebars_style":"","ocean_both_sidebars_content_width":0,"ocean_both_sidebars_sidebars_width":0,"ocean_sidebar":"","ocean_second_sidebar":"","ocean_disable_margins":"enable","ocean_add_body_class":"","ocean_shortcode_before_top_bar":"","ocean_shortcode_after_top_bar":"","ocean_shortcode_before_header":"","ocean_shortcode_after_header":"","ocean_has_shortcode":"","ocean_shortcode_after_title":"","ocean_shortcode_before_footer_widgets":"","ocean_shortcode_after_footer_widgets":"","ocean_shortcode_before_footer_bottom":"","ocean_shortcode_after_footer_bottom":"","ocean_display_top_bar":"default","ocean_display_header":"default","ocean_header_style":"","ocean_center_header_left_menu":"","ocean_custom_header_template":"","ocean_custom_logo":0,"ocean_custom_retina_logo":0,"ocean_custom_logo_max_width":0,"ocean_custom_logo_tablet_max_width":0,"ocean_custom_logo_mobile_max_width":0,"ocean_custom_logo_max_height":0,"ocean_custom_logo_tablet_max_height":0,"ocean_custom_logo_mobile_max_height":0,"ocean_header_custom_menu":"","ocean_menu_typo_font_family":"","ocean_menu_typo_font_subset":"","ocean_menu_typo_font_size":0,"ocean_menu_typo_font_size_tablet":0,"ocean_menu_typo_font_size_mobile":0,"ocean_menu_typo_font_size_unit":"px","ocean_menu_typo_font_weight":"","ocean_menu_typo_font_weight_tablet":"","ocean_menu_typo_font_weight_mobile":"","ocean_menu_typo_transform":"","ocean_menu_typo_transform_tablet":"","ocean_menu_typo_transform_mobile":"","ocean_menu_typo_line_height":0,"ocean_menu_typo_line_height_tablet":0,"ocean_menu_typo_line_height_mobile":0,"ocean_menu_typo_line_height_unit":"","ocean_menu_typo_spacing":0,"ocean_menu_typo_spacing_tablet":0,"ocean_menu_typo_spacing_mobile":0,"ocean_menu_typo_spacing_unit":"","ocean_menu_link_color":"","ocean_menu_link_color_hover":"","ocean_menu_link_color_active":"","ocean_menu_link_background":"","ocean_menu_link_hover_background":"","ocean_menu_link_active_background":"","ocean_menu_social_links_bg":"","ocean_menu_social_hover_links_bg":"","ocean_menu_social_links_color":"","ocean_menu_social_hover_links_color":"","ocean_disable_title":"default","ocean_disable_heading":"default","ocean_post_title":"","ocean_post_subheading":"","ocean_post_title_style":"","ocean_post_title_background_color":"","ocean_post_title_background":0,"ocean_post_title_bg_image_position":"","ocean_post_title_bg_image_attachment":"","ocean_post_title_bg_image_repeat":"","ocean_post_title_bg_image_size":"","ocean_post_title_height":0,"ocean_post_title_bg_overlay":0.5,"ocean_post_title_bg_overlay_color":"","ocean_disable_breadcrumbs":"default","ocean_breadcrumbs_color":"","ocean_breadcrumbs_separator_color":"","ocean_breadcrumbs_links_color":"","ocean_breadcrumbs_links_hover_color":"","ocean_display_footer_widgets":"default","ocean_display_footer_bottom":"default","ocean_custom_footer_template":"","jetpack_post_was_ever_published":false,"footnotes":""},"class_list":["post-4984","page","type-page","status-publish","hentry","entry","has-media"],"jetpack_sharing_enabled":true,"jetpack_shortlink":"https:\/\/wp.me\/P8v7mw-1io","jetpack-related-posts":[],"_links":{"self":[{"href":"https:\/\/xn--lfsreisen-z7a.de\/index.php?rest_route=\/wp\/v2\/pages\/4984","targetHints":{"allow":["GET"]}}],"collection":[{"href":"https:\/\/xn--lfsreisen-z7a.de\/index.php?rest_route=\/wp\/v2\/pages"}],"about":[{"href":"https:\/\/xn--lfsreisen-z7a.de\/index.php?rest_route=\/wp\/v2\/types\/page"}],"author":[{"embeddable":true,"href":"https:\/\/xn--lfsreisen-z7a.de\/index.php?rest_route=\/wp\/v2\/users\/1"}],"replies":[{"embeddable":true,"href":"https:\/\/xn--lfsreisen-z7a.de\/index.php?rest_route=%2Fwp%2Fv2%2Fcomments&post=4984"}],"version-history":[{"count":1,"href":"https:\/\/xn--lfsreisen-z7a.de\/index.php?rest_route=\/wp\/v2\/pages\/4984\/revisions"}],"predecessor-version":[{"id":4995,"href":"https:\/\/xn--lfsreisen-z7a.de\/index.php?rest_route=\/wp\/v2\/pages\/4984\/revisions\/4995"}],"wp:attachment":[{"href":"https:\/\/xn--lfsreisen-z7a.de\/index.php?rest_route=%2Fwp%2Fv2%2Fmedia&parent=4984"}],"curies":[{"name":"wp","href":"https:\/\/api.w.org\/{rel}","templated":true}]}}