{"id":4684,"date":"2023-06-12T19:45:48","date_gmt":"2023-06-12T17:45:48","guid":{"rendered":"https:\/\/xn--lfsreisen-z7a.de\/?page_id=4684"},"modified":"2023-06-12T19:45:48","modified_gmt":"2023-06-12T17:45:48","slug":"gardasee-2023","status":"publish","type":"page","link":"https:\/\/xn--lfsreisen-z7a.de\/?page_id=4684","title":{"rendered":"Gardasee 2023"},"content":{"rendered":"<p>Zu Pfingsten 2023 ging es endlich mal wieder an den Gardasee. Nach einem Jahr Pause trafen wir uns wieder zum Mountainbiken. Dieses Mal fuhren wir allerdings schon eine Woche fr\u00fcher los und waren in der letzten Woche noch unterwegs zwischen Slowenien, dem Idorsee und dem Bodensee.<\/p>\n<p>Die einzelnen Beitr\u00e4ge aus diesem Urlaub sind hier zu finden:<\/p>\n<h2 class=\"display-posts-title\">Urlaub 2023 zum Gardasee und mehr<\/h2>\n<ul class=\"display-posts-listing\"><li class=\"listing-item\"><a class=\"title\" href=\"https:\/\/xn--lfsreisen-z7a.de\/?p=4686\">Eine leicht modifizierte Tradition<\/a> <span class=\"date\">(22.Mai 2023)<\/span> <span class=\"excerpt-dash\">-<\/span> <span class=\"excerpt\">Nach einem Jahr Pause stand nun endlich wieder der traditionsreiche Gardasee auf dem Reiseplan. Doch abweichend von unseren mittlerweile lieb gewonnenen Gepflogenheiten, warteten wir dieses Mal nicht erst bis zum&hellip; <span class=\"excerpt-more\">...<\/span><\/span><\/li><li class=\"listing-item\"><a class=\"title\" href=\"https:\/\/xn--lfsreisen-z7a.de\/?p=4707\">Sonne und Giro<\/a> <span class=\"date\">(23.Mai 2023)<\/span> <span class=\"excerpt-dash\">-<\/span> <span class=\"excerpt\">Die ersten beiden Tage standen ganz im Zeichen des Ankommens, Einrichtens und Wohnens. Nach einem kurzen, aber heftigen Gewitterguss in der Nacht mussten zudem erstmal ein paar Sachen wie der&hellip; <span class=\"excerpt-more\">...<\/span><\/span><\/li><li class=\"listing-item\"><a class=\"title\" href=\"https:\/\/xn--lfsreisen-z7a.de\/?p=4711\">Die Vor- und Nachteile der Vorsaison<\/a> <span class=\"date\">(24.Mai 2023)<\/span> <span class=\"excerpt-dash\">-<\/span> <span class=\"excerpt\">Der erste H\u00e4rtetest f\u00fcr mein neues Bike stand an. Nach ein paar wenigen sehr zur\u00fcckhaltenden Kilometern und H\u00f6henmetern rund um Osnabr\u00fcck im Laufe des letzten Jahres standen nun endlich ein&hellip; <span class=\"excerpt-more\">...<\/span><\/span><\/li><li class=\"listing-item\"><a class=\"title\" href=\"https:\/\/xn--lfsreisen-z7a.de\/?p=4718\">Mal was Neues<\/a> <span class=\"date\">(25.Mai 2023)<\/span> <span class=\"excerpt-dash\">-<\/span> <span class=\"excerpt\">Nach so vielen Besuchen im Verlaufe von etlichen Jahren am Gardasee nahmen wir heute zum ersten Mal einen Klettersteig in Angriff. Nici und Steffen hatten uns gefragt, doch mal zusammen&hellip; <span class=\"excerpt-more\">...<\/span><\/span><\/li><li class=\"listing-item\"><a class=\"title\" href=\"https:\/\/xn--lfsreisen-z7a.de\/?p=4725\">Die wei\u00dfe Wand oder wie ich lernte, Motorradfahrer zu verachten<\/a> <span class=\"date\">(29.Mai 2023)<\/span> <span class=\"excerpt-dash\">-<\/span> <span class=\"excerpt\">Am Freitag und Samstag vergr\u00f6\u00dferte sich unsere Reisegruppe sukzessive. Erst kamen die Lindauer, die sich jedoch nicht auf den Campingplatz zu uns gesellten, sondern ein Hotel im Hang zwischen Torbole&hellip; <span class=\"excerpt-more\">...<\/span><\/span><\/li><li class=\"listing-item\"><a class=\"title\" href=\"https:\/\/xn--lfsreisen-z7a.de\/?p=4740\">Die zerst\u00f6rerische Kraft der Natur &#8211; Teil 1<\/a> <span class=\"date\">(31.Mai 2023)<\/span> <span class=\"excerpt-dash\">-<\/span> <span class=\"excerpt\">Wenn der Tourenguide Steffen mal nicht radeln m\u00f6chte, sondern aus unerfindlichen Gr\u00fcnden lieber sein Surfbrett auf dem Gardasee spazieren fahren m\u00f6chte, dann ist die \u00fcbrige Gruppe alleine auf ihr Ged\u00e4chtnisprotokoll&hellip; <span class=\"excerpt-more\">...<\/span><\/span><\/li><li class=\"listing-item\"><a class=\"title\" href=\"https:\/\/xn--lfsreisen-z7a.de\/?p=4750\">Geb\u00fchrender Abschied vom Gardasee<\/a> <span class=\"date\">(02.Juni 2023)<\/span> <span class=\"excerpt-dash\">-<\/span> <span class=\"excerpt\">Die gestrige Tour mit der ganzen Gruppe zum Passo Rochetta sollte eigentlich den kr\u00f6nenden Abschluss der diesj\u00e4hrigen Mountainbikeaktivit\u00e4ten am Gardasee darstellen. Doch die war ja f\u00fcr uns geh\u00f6rig ins Wasser&hellip; <span class=\"excerpt-more\">...<\/span><\/span><\/li><li class=\"listing-item\"><a class=\"title\" href=\"https:\/\/xn--lfsreisen-z7a.de\/?p=4762\">Fast Slowenien<\/a> <span class=\"date\">(03.Juni 2023)<\/span> <span class=\"excerpt-dash\">-<\/span> <span class=\"excerpt\">Unser n\u00e4chster Stopp war von langer Hand vorbereitet. Wir hatten uns auf einem Campingplatz an der So\u010da eingebucht, der offenbar so gut lief wie ein Wildwasserkanu, dass in einen rei\u00dfenden&hellip; <span class=\"excerpt-more\">...<\/span><\/span><\/li><li class=\"listing-item\"><a class=\"title\" href=\"https:\/\/xn--lfsreisen-z7a.de\/?p=4764\">Slowenien oder Die zerst\u00f6rerische Kraft der Natur &#8211; Teil 2<\/a> <span class=\"date\">(05.Juni 2023)<\/span> <span class=\"excerpt-dash\">-<\/span> <span class=\"excerpt\">Am n\u00e4chsten Morgen herrschte auch schon wieder strahlender Sonnenschein. Nach einem intensiven Studium der Wetterkarten und -prognosen und deren Abgleich mit den von uns in die engere Auswahl genommenen Destinationen&hellip; <span class=\"excerpt-more\">...<\/span><\/span><\/li><\/ul>\n","protected":false},"excerpt":{"rendered":"<p>Zu Pfingsten 2023 ging es endlich mal wieder an den Gardasee. Nach einem Jahr Pause trafen wir uns wieder zum Mountainbiken. Dieses Mal fuhren wir allerdings schon eine Woche fr\u00fcher los und waren in der letzten Woche noch unterwegs zwischen Slowenien, dem Idorsee und dem Bodensee. Die einzelnen Beitr\u00e4ge aus diesem Urlaub sind hier zu [&hellip;]<\/p>\n","protected":false},"author":1,"featured_media":0,"parent":0,"menu_order":0,"comment_status":"closed","ping_status":"closed","template":"","meta":{"ocean_post_layout":"","ocean_both_sidebars_style":"","ocean_both_sidebars_content_width":0,"ocean_both_sidebars_sidebars_width":0,"ocean_sidebar":"0","ocean_second_sidebar":"0","ocean_disable_margins":"enable","ocean_add_body_class":"","ocean_shortcode_before_top_bar":"","ocean_shortcode_after_top_bar":"","ocean_shortcode_before_header":"","ocean_shortcode_after_header":"","ocean_has_shortcode":"","ocean_shortcode_after_title":"","ocean_shortcode_before_footer_widgets":"","ocean_shortcode_after_footer_widgets":"","ocean_shortcode_before_footer_bottom":"","ocean_shortcode_after_footer_bottom":"","ocean_display_top_bar":"default","ocean_display_header":"default","ocean_header_style":"","ocean_center_header_left_menu":"0","ocean_custom_header_template":"0","ocean_custom_logo":0,"ocean_custom_retina_logo":0,"ocean_custom_logo_max_width":0,"ocean_custom_logo_tablet_max_width":0,"ocean_custom_logo_mobile_max_width":0,"ocean_custom_logo_max_height":0,"ocean_custom_logo_tablet_max_height":0,"ocean_custom_logo_mobile_max_height":0,"ocean_header_custom_menu":"0","ocean_menu_typo_font_family":"0","ocean_menu_typo_font_subset":"","ocean_menu_typo_font_size":0,"ocean_menu_typo_font_size_tablet":0,"ocean_menu_typo_font_size_mobile":0,"ocean_menu_typo_font_size_unit":"px","ocean_menu_typo_font_weight":"","ocean_menu_typo_font_weight_tablet":"","ocean_menu_typo_font_weight_mobile":"","ocean_menu_typo_transform":"","ocean_menu_typo_transform_tablet":"","ocean_menu_typo_transform_mobile":"","ocean_menu_typo_line_height":0,"ocean_menu_typo_line_height_tablet":0,"ocean_menu_typo_line_height_mobile":0,"ocean_menu_typo_line_height_unit":"","ocean_menu_typo_spacing":0,"ocean_menu_typo_spacing_tablet":0,"ocean_menu_typo_spacing_mobile":0,"ocean_menu_typo_spacing_unit":"","ocean_menu_link_color":"","ocean_menu_link_color_hover":"","ocean_menu_link_color_active":"","ocean_menu_link_background":"","ocean_menu_link_hover_background":"","ocean_menu_link_active_background":"","ocean_menu_social_links_bg":"","ocean_menu_social_hover_links_bg":"","ocean_menu_social_links_color":"","ocean_menu_social_hover_links_color":"","ocean_disable_title":"default","ocean_disable_heading":"default","ocean_post_title":"","ocean_post_subheading":"","ocean_post_title_style":"","ocean_post_title_background_color":"","ocean_post_title_background":0,"ocean_post_title_bg_image_position":"","ocean_post_title_bg_image_attachment":"","ocean_post_title_bg_image_repeat":"","ocean_post_title_bg_image_size":"","ocean_post_title_height":0,"ocean_post_title_bg_overlay":0.5,"ocean_post_title_bg_overlay_color":"","ocean_disable_breadcrumbs":"default","ocean_breadcrumbs_color":"","ocean_breadcrumbs_separator_color":"","ocean_breadcrumbs_links_color":"","ocean_breadcrumbs_links_hover_color":"","ocean_display_footer_widgets":"default","ocean_display_footer_bottom":"default","ocean_custom_footer_template":"0","jetpack_post_was_ever_published":false,"footnotes":""},"class_list":["post-4684","page","type-page","status-publish","hentry","entry","has-media"],"jetpack_sharing_enabled":true,"jetpack_shortlink":"https:\/\/wp.me\/P8v7mw-1dy","jetpack-related-posts":[],"_links":{"self":[{"href":"https:\/\/xn--lfsreisen-z7a.de\/index.php?rest_route=\/wp\/v2\/pages\/4684","targetHints":{"allow":["GET"]}}],"collection":[{"href":"https:\/\/xn--lfsreisen-z7a.de\/index.php?rest_route=\/wp\/v2\/pages"}],"about":[{"href":"https:\/\/xn--lfsreisen-z7a.de\/index.php?rest_route=\/wp\/v2\/types\/page"}],"author":[{"embeddable":true,"href":"https:\/\/xn--lfsreisen-z7a.de\/index.php?rest_route=\/wp\/v2\/users\/1"}],"replies":[{"embeddable":true,"href":"https:\/\/xn--lfsreisen-z7a.de\/index.php?rest_route=%2Fwp%2Fv2%2Fcomments&post=4684"}],"version-history":[{"count":1,"href":"https:\/\/xn--lfsreisen-z7a.de\/index.php?rest_route=\/wp\/v2\/pages\/4684\/revisions"}],"predecessor-version":[{"id":4685,"href":"https:\/\/xn--lfsreisen-z7a.de\/index.php?rest_route=\/wp\/v2\/pages\/4684\/revisions\/4685"}],"wp:attachment":[{"href":"https:\/\/xn--lfsreisen-z7a.de\/index.php?rest_route=%2Fwp%2Fv2%2Fmedia&parent=4684"}],"curies":[{"name":"wp","href":"https:\/\/api.w.org\/{rel}","templated":true}]}}