{"id":4507,"date":"2022-08-25T13:22:28","date_gmt":"2022-08-25T11:22:28","guid":{"rendered":"https:\/\/xn--lfsreisen-z7a.de\/?page_id=4507"},"modified":"2022-08-25T13:22:28","modified_gmt":"2022-08-25T11:22:28","slug":"daenemark-2022","status":"publish","type":"page","link":"https:\/\/xn--lfsreisen-z7a.de\/?page_id=4507","title":{"rendered":"D\u00e4nemark 2022"},"content":{"rendered":"<p>Im Sommer 2022 ging es zur Abwechslung mal nach D\u00e4nemark. Wie schon in den Pfingstferien hatten wir Kerstin, Matthias und Leah als Reisebegleitung dabei.<\/p>\n<p>Die einzelnen Beitr\u00e4ge aus diesem Urlaub sind hier zu finden:<\/p>\n<h2 class=\"display-posts-title\">Urlaub 2022 nach D\u00e4nemark<\/h2>\n<ul class=\"display-posts-listing\"><li class=\"listing-item\"><a class=\"title\" href=\"https:\/\/xn--lfsreisen-z7a.de\/?p=4494\">Ein gelungener Auftakt<\/a> <span class=\"date\">(21.Aug. 2022)<\/span> <span class=\"excerpt-dash\">-<\/span> <span class=\"excerpt\">Nach ewig langer Zeit stand mal wieder eine Reise auf dem Programm. Nach unserem Kurztrip an Pfingsten nach Korsika und dem bis dato recht warmen und viel zu trockenem Sommer&hellip; <span class=\"excerpt-more\">...<\/span><\/span><\/li><li class=\"listing-item\"><a class=\"title\" href=\"https:\/\/xn--lfsreisen-z7a.de\/?p=4512\">\u00dcber Damp nach D\u00e4nemark<\/a> <span class=\"date\">(22.Aug. 2022)<\/span> <span class=\"excerpt-dash\">-<\/span> <span class=\"excerpt\">Da Babsi und Christoph gerade im Ferienhaus in Damp weilten, machten wir kurz entschlossen einen kleinen Abstecher an die Ostsee. Doch selbst die Kenntnis der genauen Adresse sorgte dabei nicht&hellip; <span class=\"excerpt-more\">...<\/span><\/span><\/li><li class=\"listing-item\"><a class=\"title\" href=\"https:\/\/xn--lfsreisen-z7a.de\/?p=4526\">Ein \u00e4u\u00dferst freundlicher Ort<\/a> <span class=\"date\">(26.Aug. 2022)<\/span> <span class=\"excerpt-dash\">-<\/span> <span class=\"excerpt\">Um die n\u00e4chsten angek\u00fcndigten warmen Sommertage an einem nicht so \u00fcberlaufenen und vor allem autofreien Strand zu verbringen, mussten wir nur ein kurzes St\u00fcck nach Norden fahren. Vorbei an Henne&hellip; <span class=\"excerpt-more\">...<\/span><\/span><\/li><li class=\"listing-item\"><a class=\"title\" href=\"https:\/\/xn--lfsreisen-z7a.de\/?p=4531\">Der P\u00e9tanque Platz<\/a> <span class=\"date\">(27.Aug. 2022)<\/span> <span class=\"excerpt-dash\">-<\/span> <span class=\"excerpt\">Irgendwann muss man auch den sch\u00f6nsten Campingplatz verlassen, da ja der SpaceCamper sehr wohl auch in der Kategorie der Wohnmobile einzusortieren ist. Es gab noch so viel mehr in D\u00e4nemark&hellip; <span class=\"excerpt-more\">...<\/span><\/span><\/li><li class=\"listing-item\"><a class=\"title\" href=\"https:\/\/xn--lfsreisen-z7a.de\/?p=4556\">Die 283 Stufen zum Meer<\/a> <span class=\"date\">(28.Aug. 2022)<\/span> <span class=\"excerpt-dash\">-<\/span> <span class=\"excerpt\">Das Wetterversprechen wurde eingehalten. Je weiter wir in Richtung Norden fuhren, desto mehr kam wieder die Sonne heraus. Die Kanufahrer bogen noch einmal rechts ab, um auf dem Limfjord doch&hellip; <span class=\"excerpt-more\">...<\/span><\/span><\/li><li class=\"listing-item\"><a class=\"title\" href=\"https:\/\/xn--lfsreisen-z7a.de\/?p=4561\">\u00dcber Menschenmassen und Wanderd\u00fcnen<\/a> <span class=\"date\">(01.Sep. 2022)<\/span> <span class=\"excerpt-dash\">-<\/span> <span class=\"excerpt\">Die Weiterfahrt nach Norden hatte selbstredend auch noch einige kulturelle Highlights parat. Den ersten Stopp machten wir im Store Vildmose, dem ehemals gr\u00f6\u00dften Hochmoor D\u00e4nemarks, welches noch heute mit einigen&hellip; <span class=\"excerpt-more\">...<\/span><\/span><\/li><li class=\"listing-item\"><a class=\"title\" href=\"https:\/\/xn--lfsreisen-z7a.de\/?p=4592\">Die offensive Ruhe<\/a> <span class=\"date\">(03.Sep. 2022)<\/span> <span class=\"excerpt-dash\">-<\/span> <span class=\"excerpt\">Abweichend von unseren sonstigen Gewohnheiten verlie\u00dfen wir nun das Meer und steuerten stattdessen ins Landesinnere J\u00fctlands. Unser Ziel hie\u00df heute Silkeborg, ob der vorgeblich phantastischen M\u00f6glichkeiten, auf den vielen Seen&hellip; <span class=\"excerpt-more\">...<\/span><\/span><\/li><li class=\"listing-item\"><a class=\"title\" href=\"https:\/\/xn--lfsreisen-z7a.de\/?p=4601\">D\u00e4nisches Design<\/a> <span class=\"date\">(04.Sep. 2022)<\/span> <span class=\"excerpt-dash\">-<\/span> <span class=\"excerpt\">Am n\u00e4chsten Morgen mussten wir uns mal wieder \u00fcberlegen, welchen Ort wir als n\u00e4chstes ansteuern wollten. Eine nicht zu \u00fcbersehende Einflussgr\u00f6\u00dfe bei einer solchen Entscheidung ist selbstredend die allgemeine Gro\u00dfwetterlage.&hellip; <span class=\"excerpt-more\">...<\/span><\/span><\/li><li class=\"listing-item\"><a class=\"title\" href=\"https:\/\/xn--lfsreisen-z7a.de\/?p=4616\">Die gescheiterte Lesemission<\/a> <span class=\"date\">(07.Sep. 2022)<\/span> <span class=\"excerpt-dash\">-<\/span> <span class=\"excerpt\">Die n\u00e4chste Etappe f\u00fchrte uns wieder zur\u00fcck an die Nordsee. Das hatte einen \u00e4u\u00dferst naheliegenden Grund. Die Ostseeseite J\u00fctlands hatte f\u00fcr die n\u00e4chsten Tage leider nur qualitativ minderwertiges Wetter anzubieten.&hellip; <span class=\"excerpt-more\">...<\/span><\/span><\/li><\/ul>\n","protected":false},"excerpt":{"rendered":"<p>Im Sommer 2022 ging es zur Abwechslung mal nach D\u00e4nemark. Wie schon in den Pfingstferien hatten wir Kerstin, Matthias und Leah als Reisebegleitung dabei. Die einzelnen Beitr\u00e4ge aus diesem Urlaub sind hier zu finden:<\/p>\n","protected":false},"author":1,"featured_media":0,"parent":0,"menu_order":0,"comment_status":"closed","ping_status":"closed","template":"","meta":{"ocean_post_layout":"","ocean_both_sidebars_style":"","ocean_both_sidebars_content_width":0,"ocean_both_sidebars_sidebars_width":0,"ocean_sidebar":"","ocean_second_sidebar":"","ocean_disable_margins":"enable","ocean_add_body_class":"","ocean_shortcode_before_top_bar":"","ocean_shortcode_after_top_bar":"","ocean_shortcode_before_header":"","ocean_shortcode_after_header":"","ocean_has_shortcode":"","ocean_shortcode_after_title":"","ocean_shortcode_before_footer_widgets":"","ocean_shortcode_after_footer_widgets":"","ocean_shortcode_before_footer_bottom":"","ocean_shortcode_after_footer_bottom":"","ocean_display_top_bar":"default","ocean_display_header":"default","ocean_header_style":"","ocean_center_header_left_menu":"","ocean_custom_header_template":"","ocean_custom_logo":0,"ocean_custom_retina_logo":0,"ocean_custom_logo_max_width":0,"ocean_custom_logo_tablet_max_width":0,"ocean_custom_logo_mobile_max_width":0,"ocean_custom_logo_max_height":0,"ocean_custom_logo_tablet_max_height":0,"ocean_custom_logo_mobile_max_height":0,"ocean_header_custom_menu":"","ocean_menu_typo_font_family":"","ocean_menu_typo_font_subset":"","ocean_menu_typo_font_size":0,"ocean_menu_typo_font_size_tablet":0,"ocean_menu_typo_font_size_mobile":0,"ocean_menu_typo_font_size_unit":"px","ocean_menu_typo_font_weight":"","ocean_menu_typo_font_weight_tablet":"","ocean_menu_typo_font_weight_mobile":"","ocean_menu_typo_transform":"","ocean_menu_typo_transform_tablet":"","ocean_menu_typo_transform_mobile":"","ocean_menu_typo_line_height":0,"ocean_menu_typo_line_height_tablet":0,"ocean_menu_typo_line_height_mobile":0,"ocean_menu_typo_line_height_unit":"","ocean_menu_typo_spacing":0,"ocean_menu_typo_spacing_tablet":0,"ocean_menu_typo_spacing_mobile":0,"ocean_menu_typo_spacing_unit":"","ocean_menu_link_color":"","ocean_menu_link_color_hover":"","ocean_menu_link_color_active":"","ocean_menu_link_background":"","ocean_menu_link_hover_background":"","ocean_menu_link_active_background":"","ocean_menu_social_links_bg":"","ocean_menu_social_hover_links_bg":"","ocean_menu_social_links_color":"","ocean_menu_social_hover_links_color":"","ocean_disable_title":"default","ocean_disable_heading":"default","ocean_post_title":"","ocean_post_subheading":"","ocean_post_title_style":"","ocean_post_title_background_color":"","ocean_post_title_background":0,"ocean_post_title_bg_image_position":"","ocean_post_title_bg_image_attachment":"","ocean_post_title_bg_image_repeat":"","ocean_post_title_bg_image_size":"","ocean_post_title_height":0,"ocean_post_title_bg_overlay":0.5,"ocean_post_title_bg_overlay_color":"","ocean_disable_breadcrumbs":"default","ocean_breadcrumbs_color":"","ocean_breadcrumbs_separator_color":"","ocean_breadcrumbs_links_color":"","ocean_breadcrumbs_links_hover_color":"","ocean_display_footer_widgets":"default","ocean_display_footer_bottom":"default","ocean_custom_footer_template":"","jetpack_post_was_ever_published":false,"footnotes":""},"class_list":["post-4507","page","type-page","status-publish","hentry","entry","has-media"],"jetpack_sharing_enabled":true,"jetpack_shortlink":"https:\/\/wp.me\/P8v7mw-1aH","jetpack-related-posts":[],"_links":{"self":[{"href":"https:\/\/xn--lfsreisen-z7a.de\/index.php?rest_route=\/wp\/v2\/pages\/4507","targetHints":{"allow":["GET"]}}],"collection":[{"href":"https:\/\/xn--lfsreisen-z7a.de\/index.php?rest_route=\/wp\/v2\/pages"}],"about":[{"href":"https:\/\/xn--lfsreisen-z7a.de\/index.php?rest_route=\/wp\/v2\/types\/page"}],"author":[{"embeddable":true,"href":"https:\/\/xn--lfsreisen-z7a.de\/index.php?rest_route=\/wp\/v2\/users\/1"}],"replies":[{"embeddable":true,"href":"https:\/\/xn--lfsreisen-z7a.de\/index.php?rest_route=%2Fwp%2Fv2%2Fcomments&post=4507"}],"version-history":[{"count":1,"href":"https:\/\/xn--lfsreisen-z7a.de\/index.php?rest_route=\/wp\/v2\/pages\/4507\/revisions"}],"predecessor-version":[{"id":4508,"href":"https:\/\/xn--lfsreisen-z7a.de\/index.php?rest_route=\/wp\/v2\/pages\/4507\/revisions\/4508"}],"wp:attachment":[{"href":"https:\/\/xn--lfsreisen-z7a.de\/index.php?rest_route=%2Fwp%2Fv2%2Fmedia&parent=4507"}],"curies":[{"name":"wp","href":"https:\/\/api.w.org\/{rel}","templated":true}]}}