

{"id":3830,"date":"2019-11-11T21:21:40","date_gmt":"2019-11-11T20:21:40","guid":{"rendered":"http:\/\/xn--lfsreisen-z7a.de\/?page_id=3830"},"modified":"2019-11-11T21:21:40","modified_gmt":"2019-11-11T20:21:40","slug":"campingplaetze-in-italien","status":"publish","type":"page","link":"https:\/\/xn--lfsreisen-z7a.de\/?page_id=3830","title":{"rendered":"Campingpl\u00e4tze in Italien"},"content":{"rendered":"<h3>Karte<\/h3>\n\n\n\t\t\t\t<div id=\"map_ol3js_1\" class=\"map undefined\" data-map_name=\"undefined\" data-map=\"map_ol3js_1\" style=\"width:95%; max-width:100%; height:650px; display:block; overflow:hidden;border:thin solid;\" >\n\t\t\t\t  <div id=\"map_ol3js_1_popup\" class=\"ol-popup\" >\n\t\t\t\t\t<a href=\"#\" id=\"map_ol3js_1_popup-closer\" class=\"ol-popup-closer\"><\/a>\n\t\t\t\t\t<div id=\"map_ol3js_1_popup-content\" ><\/div>\n\t\t\t\t  <\/div>\n\t\t\t\t<\/div>\n\t\t\t\n\n\t\t\t\t<script type=\"text\/javascript\">\n\t\t\t\t\ttranslations['openlayer'] = \"open layer\";\n\t\t\t\t\ttranslations['openlayerAtStartup'] = \"open layer at startup\";\n\t\t\t\t\ttranslations['generateLink'] = \"Der Link zur Karte mit ausgew\u00e4hlten Overlays und angezeigtem Ausschnitt\";\n\t\t\t\t\ttranslations['shortDescription'] = \"Kurzbeschreibung\";\n\t\t\t\t\ttranslations['generatedShortCode'] = \"to get a text control link paste this code in your wordpress editor\";\n\t\t\t\t\ttranslations['closeLayer'] = \"close layer\";\n\t\t\t\t\ttranslations['cantGenerateLink'] = \"put this string in the existing map short code to control this map\";\n\t\t\t  <\/script>\n\n\n\t\t\t  <script type=\"text\/javascript\">\n\t\t\t  vectorM['map_ol3js_1'] = [];\n\t        \n        var raster = getTileLayer(\"\",\"NoKey\");\t\t\t\n\n\t\t\t  var map_ol3js_1 = new ol.Map({\n\t\t\t\tinteractions: ol.interaction.defaults.defaults({mouseWheelZoom:false}),\n\t\t\t\tlayers: [raster],\n\t\t\t\ttarget: \"map_ol3js_1\",\n\t\t\t\tview: new ol.View({\n\t\t\t\t  center: ol.proj.transform([12.7210,42.0760], \"EPSG:4326\", \"EPSG:3857\"),\n\t\t\t\t  zoom: 6\n\t\t\t\t})\n\t\t\t  });\n\t\t\t  osm_addMarkerLayer(map_ol3js_1,9.2899,46.1318,\"https:\/\/xn--lfsreisen-z7a.de\/wp-content\/plugins\/osm\/icons\/mic_black_camp_11.png\",-16,-41,\"  <\/a><br>\") ; \nosm_addMarkerLayer(map_ol3js_1,9.289706,46.131892,\"https:\/\/xn--lfsreisen-z7a.de\/wp-content\/plugins\/osm\/icons\/mic_black_camp_11.png\",-16,-41,\"<a href=\\\"http:\/\/xn--lfsreisen-z7a.de\/?p=977\\\">Camping Magic Lake<\/a> in Dongo  <\/a><br>\") ; \nosm_addMarkerLayer(map_ol3js_1,9.672496,40.782349,\"https:\/\/xn--lfsreisen-z7a.de\/wp-content\/plugins\/osm\/icons\/mic_black_camp_11.png\",-16,-41,\"<a href=\\\"https:\/\/\u00f6lfsreisen.de\/?p=783\\\">Camping San Teodoro La Cinta<\/a> in San Teodoro  <\/a><br>\") ; \nosm_addMarkerLayer(map_ol3js_1,9.178036,41.181798,\"https:\/\/xn--lfsreisen-z7a.de\/wp-content\/plugins\/osm\/icons\/mic_black_camp_11.png\",-16,-41,\"<a href=\\\"https:\/\/\u00f6lfsreisen.de\/?p=830\\\">Camping La Liccia<\/a>in Santa Teresa di Gallura  <\/a><br>\") ; \nosm_addMarkerLayer(map_ol3js_1,9.396194,41.179591,\"https:\/\/xn--lfsreisen-z7a.de\/wp-content\/plugins\/osm\/icons\/mic_black_camp_11.png\",-16,-41,\"<a href=\\\"https:\/\/\u00f6lfsreisen.de\/?p=834\\\">Camping Baia Saraceno<\/a> in Palau  <\/a><br>\") ; \nosm_addMarkerLayer(map_ol3js_1,8.485553,40.072475,\"https:\/\/xn--lfsreisen-z7a.de\/wp-content\/plugins\/osm\/icons\/mic_black_camp_11.png\",-16,-41,\"<a href=\\\"https:\/\/\u00f6lfsreisen.de\/?p=839\\\">Camping Ia Arenas<\/a> in Is Arenas  <\/a><br>\") ; \nosm_addMarkerLayer(map_ol3js_1,9.511246,39.122606,\"https:\/\/xn--lfsreisen-z7a.de\/wp-content\/plugins\/osm\/icons\/mic_black_camp_11.png\",-16,-41,\"<a href=\\\"https:\/\/\u00f6lfsreisen.de\/?p=845\\\">Camping Spiaggia del Riso<\/a> in Villasimius  <\/a><br>\") ; \nosm_addMarkerLayer(map_ol3js_1,9.601305,39.291166,\"https:\/\/xn--lfsreisen-z7a.de\/wp-content\/plugins\/osm\/icons\/mic_black_camp_11.png\",-16,-41,\"<a href=\\\"https:\/\/\u00f6lfsreisen.de\/?p=847\\\">Camping Tiliguerta<\/a> in Capo Ferrato  <\/a><br>\") ; \naddControls2Map(map_ol3js_1,0,0,3,0,5,6,7,0,1);\nosm_addPopupClickhandler(map_ol3js_1,  \"map_ol3js_1\"); \nosm_addMouseHover(map_ol3js_1); <\/script>\n<h2 class=\"display-posts-title\">Listenansicht<\/h2>\n<ul class=\"display-posts-listing\"><li class=\"listing-item\"><a class=\"title\" href=\"https:\/\/xn--lfsreisen-z7a.de\/?p=977\">Camping Magic Lake (Dongo, Comer See)<\/a> <span class=\"date\">(18.Mai 2016)<\/span> <span class=\"excerpt-dash\">-<\/span> <span class=\"excerpt\">LAGE: Schmales, ebenes Gel\u00e4nde mit zwei parallelen Stichstra\u00dfen und Rasenpl\u00e4tzen zu beiden Seiten. Am Ende des Platzes direkter Zugang zum Comer See mit Wanderweg entlang des Ufers. REZEPTION: Die Rezeption&hellip; <span class=\"excerpt-more\">...<\/span><\/span><\/li><li class=\"listing-item\"><a class=\"title\" href=\"https:\/\/xn--lfsreisen-z7a.de\/?p=783\">Camping San Teodoro La Cinta (San Teodoro, Sardinien)<\/a> <span class=\"date\">(01.Okt. 2015)<\/span> <span class=\"excerpt-dash\">-<\/span> <span class=\"excerpt\">LAGE: Eine gro\u00dfe Fl\u00e4che direkt am Meer, die zum Strand hin eher wenig Schatten bietet. Im hinteren Bereich stehen hier und da ein paar B\u00e4ume. Der Strand ist direkt hinter&hellip; <span class=\"excerpt-more\">...<\/span><\/span><\/li><li class=\"listing-item\"><a class=\"title\" href=\"https:\/\/xn--lfsreisen-z7a.de\/?p=830\">Camping La Liccia (Santa Teresa di Gallura, Sardinien)<\/a> <span class=\"date\">(30.Sep. 2015)<\/span> <span class=\"excerpt-dash\">-<\/span> <span class=\"excerpt\">LAGE: Auf einem H\u00fcgel gelegen, dem Wind ausgesetzt, deutlich oberhalb vom Strand. Der Weg zum Strand ist lang, nicht zuletzt weil man etwa 60 H\u00f6henmeter hinabsteigen muss. Der Strand ist&hellip; <span class=\"excerpt-more\">...<\/span><\/span><\/li><li class=\"listing-item\"><a class=\"title\" href=\"https:\/\/xn--lfsreisen-z7a.de\/?p=834\">Camping Baia Saraceno (Palau, Sardinien)<\/a> <span class=\"date\">(29.Sep. 2015)<\/span> <span class=\"excerpt-dash\">-<\/span> <span class=\"excerpt\">LAGE: Terassiertes Gel\u00e4nde direkt am Wasser in Richtung der vorgelagerten Inseln um La Maddalena, ohne wirklich einen eigenen Badestrand zu haben. Der Boden ist sehr hart, was das Einbringen der&hellip; <span class=\"excerpt-more\">...<\/span><\/span><\/li><li class=\"listing-item\"><a class=\"title\" href=\"https:\/\/xn--lfsreisen-z7a.de\/?p=839\">Camping Is Arenas (Is Arenas, Sardinien)<\/a> <span class=\"date\">(26.Sep. 2015)<\/span> <span class=\"excerpt-dash\">-<\/span> <span class=\"excerpt\">LAGE: Welliges und waldiges Gel\u00e4nde mit viel Schatten. Direkter Zugang \u00fcber einen eigenen Holzsteg \u00fcber einen D\u00fcnenbereich zu einem langen und breiten Strand. Zu der Zeit, in der wir auf&hellip; <span class=\"excerpt-more\">...<\/span><\/span><\/li><li class=\"listing-item\"><a class=\"title\" href=\"https:\/\/xn--lfsreisen-z7a.de\/?p=845\">Camping Spiaggia del Riso (Villasimius, Sardinien)<\/a> <span class=\"date\">(22.Sep. 2015)<\/span> <span class=\"excerpt-dash\">-<\/span> <span class=\"excerpt\">LAGE: Unebenes Gel\u00e4nde im ersten Teil unter B\u00e4umen, im hinteren Teil mit wenig Schatten, in Hafenn\u00e4he. Es gibt einen Strandzugang: Der Strand ist jedoch sehr klein und ein wenig schlickig.&hellip; <span class=\"excerpt-more\">...<\/span><\/span><\/li><li class=\"listing-item\"><a class=\"title\" href=\"https:\/\/xn--lfsreisen-z7a.de\/?p=847\">Camping Tiliguerta (Capo Ferrato, Sardinien)<\/a> <span class=\"date\">(21.Sep. 2015)<\/span> <span class=\"excerpt-dash\">-<\/span> <span class=\"excerpt\">LAGE: Gro\u00dfes, flaches Gel\u00e4nde mit teils mehr, teils weniger schattigen Pl\u00e4tzen. Der Campingplatz liegt direkt am Strand am Capo Ferrato. Es gibt zwei Strandzug\u00e4nge, einer davon ist ein Hundestrand. REZEPTION:&hellip; <span class=\"excerpt-more\">...<\/span><\/span><\/li><\/ul>\n","protected":false},"excerpt":{"rendered":"<p>Karte<\/p>\n","protected":false},"author":1,"featured_media":0,"parent":0,"menu_order":0,"comment_status":"closed","ping_status":"closed","template":"","meta":{"ocean_post_layout":"","ocean_both_sidebars_style":"","ocean_both_sidebars_content_width":0,"ocean_both_sidebars_sidebars_width":0,"ocean_sidebar":"","ocean_second_sidebar":"","ocean_disable_margins":"enable","ocean_add_body_class":"","ocean_shortcode_before_top_bar":"","ocean_shortcode_after_top_bar":"","ocean_shortcode_before_header":"","ocean_shortcode_after_header":"","ocean_has_shortcode":"","ocean_shortcode_after_title":"","ocean_shortcode_before_footer_widgets":"","ocean_shortcode_after_footer_widgets":"","ocean_shortcode_before_footer_bottom":"","ocean_shortcode_after_footer_bottom":"","ocean_display_top_bar":"default","ocean_display_header":"default","ocean_header_style":"","ocean_center_header_left_menu":"","ocean_custom_header_template":"","ocean_custom_logo":0,"ocean_custom_retina_logo":0,"ocean_custom_logo_max_width":0,"ocean_custom_logo_tablet_max_width":0,"ocean_custom_logo_mobile_max_width":0,"ocean_custom_logo_max_height":0,"ocean_custom_logo_tablet_max_height":0,"ocean_custom_logo_mobile_max_height":0,"ocean_header_custom_menu":"","ocean_menu_typo_font_family":"","ocean_menu_typo_font_subset":"","ocean_menu_typo_font_size":0,"ocean_menu_typo_font_size_tablet":0,"ocean_menu_typo_font_size_mobile":0,"ocean_menu_typo_font_size_unit":"px","ocean_menu_typo_font_weight":"","ocean_menu_typo_font_weight_tablet":"","ocean_menu_typo_font_weight_mobile":"","ocean_menu_typo_transform":"","ocean_menu_typo_transform_tablet":"","ocean_menu_typo_transform_mobile":"","ocean_menu_typo_line_height":0,"ocean_menu_typo_line_height_tablet":0,"ocean_menu_typo_line_height_mobile":0,"ocean_menu_typo_line_height_unit":"","ocean_menu_typo_spacing":0,"ocean_menu_typo_spacing_tablet":0,"ocean_menu_typo_spacing_mobile":0,"ocean_menu_typo_spacing_unit":"","ocean_menu_link_color":"","ocean_menu_link_color_hover":"","ocean_menu_link_color_active":"","ocean_menu_link_background":"","ocean_menu_link_hover_background":"","ocean_menu_link_active_background":"","ocean_menu_social_links_bg":"","ocean_menu_social_hover_links_bg":"","ocean_menu_social_links_color":"","ocean_menu_social_hover_links_color":"","ocean_disable_title":"default","ocean_disable_heading":"default","ocean_post_title":"","ocean_post_subheading":"","ocean_post_title_style":"","ocean_post_title_background_color":"","ocean_post_title_background":0,"ocean_post_title_bg_image_position":"","ocean_post_title_bg_image_attachment":"","ocean_post_title_bg_image_repeat":"","ocean_post_title_bg_image_size":"","ocean_post_title_height":0,"ocean_post_title_bg_overlay":0.5,"ocean_post_title_bg_overlay_color":"","ocean_disable_breadcrumbs":"default","ocean_breadcrumbs_color":"","ocean_breadcrumbs_separator_color":"","ocean_breadcrumbs_links_color":"","ocean_breadcrumbs_links_hover_color":"","ocean_display_footer_widgets":"default","ocean_display_footer_bottom":"default","ocean_custom_footer_template":"","jetpack_post_was_ever_published":false,"footnotes":""},"class_list":["post-3830","page","type-page","status-publish","hentry","entry"],"jetpack_sharing_enabled":true,"jetpack_shortlink":"https:\/\/wp.me\/P8v7mw-ZM","jetpack-related-posts":[],"_links":{"self":[{"href":"https:\/\/xn--lfsreisen-z7a.de\/index.php?rest_route=\/wp\/v2\/pages\/3830","targetHints":{"allow":["GET"]}}],"collection":[{"href":"https:\/\/xn--lfsreisen-z7a.de\/index.php?rest_route=\/wp\/v2\/pages"}],"about":[{"href":"https:\/\/xn--lfsreisen-z7a.de\/index.php?rest_route=\/wp\/v2\/types\/page"}],"author":[{"embeddable":true,"href":"https:\/\/xn--lfsreisen-z7a.de\/index.php?rest_route=\/wp\/v2\/users\/1"}],"replies":[{"embeddable":true,"href":"https:\/\/xn--lfsreisen-z7a.de\/index.php?rest_route=%2Fwp%2Fv2%2Fcomments&post=3830"}],"version-history":[{"count":25,"href":"https:\/\/xn--lfsreisen-z7a.de\/index.php?rest_route=\/wp\/v2\/pages\/3830\/revisions"}],"predecessor-version":[{"id":3861,"href":"https:\/\/xn--lfsreisen-z7a.de\/index.php?rest_route=\/wp\/v2\/pages\/3830\/revisions\/3861"}],"wp:attachment":[{"href":"https:\/\/xn--lfsreisen-z7a.de\/index.php?rest_route=%2Fwp%2Fv2%2Fmedia&parent=3830"}],"curies":[{"name":"wp","href":"https:\/\/api.w.org\/{rel}","templated":true}]}}