{"id":3625,"date":"2019-09-10T18:56:46","date_gmt":"2019-09-10T16:56:46","guid":{"rendered":"http:\/\/xn--lfsreisen-z7a.de\/?page_id=3625"},"modified":"2019-09-10T18:56:46","modified_gmt":"2019-09-10T16:56:46","slug":"frankreich-2019","status":"publish","type":"page","link":"https:\/\/xn--lfsreisen-z7a.de\/?page_id=3625","title":{"rendered":"Frankreich 2019"},"content":{"rendered":"<p>Im September 2019 ging es dann doch nochmal in den wohlverdienten Sommerurlaub. Ein konkretes Ziel gab es lange nicht, aber da sich das Wetter in Frankreich scheinbar von einer guten Seite zeigen wollte, schlugen wir diese Richtung ein.<\/p>\n<p>Die einzelnen Beitr\u00e4ge aus diesem Urlaub sind hier zu finden:<\/p>\n<h2 class=\"display-posts-title\">Sommerurlaub 2019 in Frankreich<\/h2>\n<ul class=\"display-posts-listing\"><li class=\"listing-item\"><a class=\"title\" href=\"https:\/\/xn--lfsreisen-z7a.de\/?p=3632\">Ein holpriger Start<\/a> <span class=\"date\">(10.Sep. 2019)<\/span> <span class=\"excerpt-dash\">-<\/span> <span class=\"excerpt\">Nach ewig langem Hin und Her starteten wir in diesem September doch noch in den wohlverdienten Sommerurlaub. Lange Zeit sah es so aus als w\u00fcrden wir stattdessen zu Hause eine&hellip; <span class=\"excerpt-more\">...<\/span><\/span><\/li><li class=\"listing-item\"><a class=\"title\" href=\"https:\/\/xn--lfsreisen-z7a.de\/?p=3644\">Das Schloss hat geschlossen<\/a> <span class=\"date\">(11.Sep. 2019)<\/span> <span class=\"excerpt-dash\">-<\/span> <span class=\"excerpt\">Ziel der ersten wirklichen Urlaubsetappe war es, nach Frankreich zu gelangen. Dazu mussten wir aus Aachen erstmal ein gutes St\u00fcck durch Belgien fahren, entlang der mit unz\u00e4hligen Laternenmasten ges\u00e4umten Autobahnen.&hellip; <span class=\"excerpt-more\">...<\/span><\/span><\/li><li class=\"listing-item\"><a class=\"title\" href=\"https:\/\/xn--lfsreisen-z7a.de\/?p=3649\">Endlich am Meer<\/a> <span class=\"date\">(12.Sep. 2019)<\/span> <span class=\"excerpt-dash\">-<\/span> <span class=\"excerpt\">F\u00fcr die Weiterfahrt entschlie\u00dfen wir uns, die teuren mautpflichtigen Autobahnabschnitte zu vermeiden, nachdem uns gestern bereits ein klitzekleines St\u00fcck mit fast zehn Euro eine unn\u00f6tige Kerbe in die Urlaubskasse geschlagen&hellip; <span class=\"excerpt-more\">...<\/span><\/span><\/li><li class=\"listing-item\"><a class=\"title\" href=\"https:\/\/xn--lfsreisen-z7a.de\/?p=3660\">Zu Besuch in der Winkelgasse<\/a> <span class=\"date\">(13.Sep. 2019)<\/span> <span class=\"excerpt-dash\">-<\/span> <span class=\"excerpt\">Vermeintliche Hotspots haben ja neben der Tatsache, dass sie in der Regel recht ansehnlich sind und sich h\u00e4ufig in traumhaft sch\u00f6ner Natur aufhalten, einen eklatanten Nachteil: Sie ziehen Unmengen von&hellip; <span class=\"excerpt-more\">...<\/span><\/span><\/li><li class=\"listing-item\"><a class=\"title\" href=\"https:\/\/xn--lfsreisen-z7a.de\/?p=3677\">Ein Pausentag in der Sonne<\/a> <span class=\"date\">(15.Sep. 2019)<\/span> <span class=\"excerpt-dash\">-<\/span> <span class=\"excerpt\">In den letzten Tagen mussten wir doch eher mit niedrigeren Temperaturen und weniger Sonne als es sich f\u00fcr einen Sommerurlaub geh\u00f6rt klar kommen. An dieser Stellschraube wollten wir heute drehen.&hellip; <span class=\"excerpt-more\">...<\/span><\/span><\/li><li class=\"listing-item\"><a class=\"title\" href=\"https:\/\/xn--lfsreisen-z7a.de\/?p=3691\">Seebad des Grauens<\/a> <span class=\"date\">(17.Sep. 2019)<\/span> <span class=\"excerpt-dash\">-<\/span> <span class=\"excerpt\">Der n\u00e4chste Stopp auf unserer Reise war im mond\u00e4nen Badeort Saint-Jean-de-Monts und damit hatten wir die Bretagne bereits hinter uns gelassen und tauchten in die Region Pays de la Loire&hellip; <span class=\"excerpt-more\">...<\/span><\/span><\/li><li class=\"listing-item\"><a class=\"title\" href=\"https:\/\/xn--lfsreisen-z7a.de\/?p=3707\">Das Salz, der Wind und die Radler<\/a> <span class=\"date\">(21.Sep. 2019)<\/span> <span class=\"excerpt-dash\">-<\/span> <span class=\"excerpt\">Da f\u00e4hrt man schon bewusst in der Nachsaison in den Urlaub, um dem ganzen Trubel allerorts zu entweichen und auf den Campingpl\u00e4tzen nicht im Charme einer Sardinenb\u00fcchse einquartiert zu werden&hellip; <span class=\"excerpt-more\">...<\/span><\/span><\/li><li class=\"listing-item\"><a class=\"title\" href=\"https:\/\/xn--lfsreisen-z7a.de\/?p=3713\">Purzelb\u00e4ume auf der D\u00fcne<\/a> <span class=\"date\">(22.Sep. 2019)<\/span> <span class=\"excerpt-dash\">-<\/span> <span class=\"excerpt\">Auch der sch\u00f6nste Aufenthalt auf einer sch\u00f6nen Insel hat einmal ein Ende. Und so packten wir mit Ausnahme des verlustig gegangenen Autoschl\u00fcssels unsere sieben Sachen zusammen und verabschiedeten uns von&hellip; <span class=\"excerpt-more\">...<\/span><\/span><\/li><li class=\"listing-item\"><a class=\"title\" href=\"https:\/\/xn--lfsreisen-z7a.de\/?p=3726\">Der Atlantik kann doch noch Wellen<\/a> <span class=\"date\">(24.Sep. 2019)<\/span> <span class=\"excerpt-dash\">-<\/span> <span class=\"excerpt\">Wie es der Zufall so wollte, ist Ute unabh\u00e4ngig von uns zeitgleich ebenfalls f\u00fcr einen urlaubs\u00e4hnlichen Kurztrip in Frankreich. Der Tatsache, dass ihr Aufenthaltsort zwar weitaus statischer ist als der&hellip; <span class=\"excerpt-more\">...<\/span><\/span><\/li><li class=\"listing-item\"><a class=\"title\" href=\"https:\/\/xn--lfsreisen-z7a.de\/?p=3751\">Gr\u00fcn, gr\u00fcn, gr\u00fcn&#8230;<\/a> <span class=\"date\">(25.Sep. 2019)<\/span> <span class=\"excerpt-dash\">-<\/span> <span class=\"excerpt\">In den Pyren\u00e4en war die Nachsaison nochmal deutlicher zu sp\u00fcren. Die Bewohner der kleinen Ortschaften, durch die wir auf unserem Weg fuhren, hatten scheinbar mit dem Ende der Touristenstr\u00f6me die&hellip; <span class=\"excerpt-more\">...<\/span><\/span><\/li><li class=\"listing-item\"><a class=\"title\" href=\"https:\/\/xn--lfsreisen-z7a.de\/?p=3759\">Sweet Soul Music<\/a> <span class=\"date\">(26.Sep. 2019)<\/span> <span class=\"excerpt-dash\">-<\/span> <span class=\"excerpt\">Ein hoch auf die vernetzte Welt und die unbegrenzten M\u00f6glichkeiten, die man sp\u00e4testens seit der Entwicklung des Smartphones auch jederzeit und \u00fcberall aussch\u00f6pfen kann. Das Wissens der gro\u00dfen weiten Welt&hellip; <span class=\"excerpt-more\">...<\/span><\/span><\/li><li class=\"listing-item\"><a class=\"title\" href=\"https:\/\/xn--lfsreisen-z7a.de\/?p=3783\">Alles so nackt hier<\/a> <span class=\"date\">(27.Sep. 2019)<\/span> <span class=\"excerpt-dash\">-<\/span> <span class=\"excerpt\">Schon seit vielen Jahren wollten wir mal Margit und Richard in ihrem Ferienhaus in Leucate in S\u00fcdfrankreich besuchen. Doch leider lie\u00df bislang die rechte Gelegenheit so ein wenig auf sich&hellip; <span class=\"excerpt-more\">...<\/span><\/span><\/li><li class=\"listing-item\"><a class=\"title\" href=\"https:\/\/xn--lfsreisen-z7a.de\/?p=3790\">Ch\u00e2teau-was?<\/a> <span class=\"date\">(28.Sep. 2019)<\/span> <span class=\"excerpt-dash\">-<\/span> <span class=\"excerpt\">Der gro\u00dfe Nachteil an der Tatsache, dass es uns in Leucate so gut gefallen hatte, lag darin, dass wir es mit dem Aufbruch nicht sonderlich eilig hatten. Das f\u00fchrte also&hellip; <span class=\"excerpt-more\">...<\/span><\/span><\/li><\/ul>\n","protected":false},"excerpt":{"rendered":"<p>Im September 2019 ging es dann doch nochmal in den wohlverdienten Sommerurlaub. Ein konkretes Ziel gab es lange nicht, aber da sich das Wetter in Frankreich scheinbar von einer guten Seite zeigen wollte, schlugen wir diese Richtung ein. Die einzelnen Beitr\u00e4ge aus diesem Urlaub sind hier zu finden:<\/p>\n","protected":false},"author":1,"featured_media":0,"parent":0,"menu_order":0,"comment_status":"closed","ping_status":"closed","template":"","meta":{"ocean_post_layout":"","ocean_both_sidebars_style":"","ocean_both_sidebars_content_width":0,"ocean_both_sidebars_sidebars_width":0,"ocean_sidebar":"","ocean_second_sidebar":"","ocean_disable_margins":"enable","ocean_add_body_class":"","ocean_shortcode_before_top_bar":"","ocean_shortcode_after_top_bar":"","ocean_shortcode_before_header":"","ocean_shortcode_after_header":"","ocean_has_shortcode":"","ocean_shortcode_after_title":"","ocean_shortcode_before_footer_widgets":"","ocean_shortcode_after_footer_widgets":"","ocean_shortcode_before_footer_bottom":"","ocean_shortcode_after_footer_bottom":"","ocean_display_top_bar":"default","ocean_display_header":"default","ocean_header_style":"","ocean_center_header_left_menu":"","ocean_custom_header_template":"","ocean_custom_logo":0,"ocean_custom_retina_logo":0,"ocean_custom_logo_max_width":0,"ocean_custom_logo_tablet_max_width":0,"ocean_custom_logo_mobile_max_width":0,"ocean_custom_logo_max_height":0,"ocean_custom_logo_tablet_max_height":0,"ocean_custom_logo_mobile_max_height":0,"ocean_header_custom_menu":"","ocean_menu_typo_font_family":"","ocean_menu_typo_font_subset":"","ocean_menu_typo_font_size":0,"ocean_menu_typo_font_size_tablet":0,"ocean_menu_typo_font_size_mobile":0,"ocean_menu_typo_font_size_unit":"px","ocean_menu_typo_font_weight":"","ocean_menu_typo_font_weight_tablet":"","ocean_menu_typo_font_weight_mobile":"","ocean_menu_typo_transform":"","ocean_menu_typo_transform_tablet":"","ocean_menu_typo_transform_mobile":"","ocean_menu_typo_line_height":0,"ocean_menu_typo_line_height_tablet":0,"ocean_menu_typo_line_height_mobile":0,"ocean_menu_typo_line_height_unit":"","ocean_menu_typo_spacing":0,"ocean_menu_typo_spacing_tablet":0,"ocean_menu_typo_spacing_mobile":0,"ocean_menu_typo_spacing_unit":"","ocean_menu_link_color":"","ocean_menu_link_color_hover":"","ocean_menu_link_color_active":"","ocean_menu_link_background":"","ocean_menu_link_hover_background":"","ocean_menu_link_active_background":"","ocean_menu_social_links_bg":"","ocean_menu_social_hover_links_bg":"","ocean_menu_social_links_color":"","ocean_menu_social_hover_links_color":"","ocean_disable_title":"default","ocean_disable_heading":"default","ocean_post_title":"","ocean_post_subheading":"","ocean_post_title_style":"","ocean_post_title_background_color":"","ocean_post_title_background":0,"ocean_post_title_bg_image_position":"","ocean_post_title_bg_image_attachment":"","ocean_post_title_bg_image_repeat":"","ocean_post_title_bg_image_size":"","ocean_post_title_height":0,"ocean_post_title_bg_overlay":0.5,"ocean_post_title_bg_overlay_color":"","ocean_disable_breadcrumbs":"default","ocean_breadcrumbs_color":"","ocean_breadcrumbs_separator_color":"","ocean_breadcrumbs_links_color":"","ocean_breadcrumbs_links_hover_color":"","ocean_display_footer_widgets":"default","ocean_display_footer_bottom":"default","ocean_custom_footer_template":"","jetpack_post_was_ever_published":false,"footnotes":""},"class_list":["post-3625","page","type-page","status-publish","hentry","entry","has-media"],"jetpack_sharing_enabled":true,"jetpack_shortlink":"https:\/\/wp.me\/P8v7mw-Wt","jetpack-related-posts":[],"_links":{"self":[{"href":"https:\/\/xn--lfsreisen-z7a.de\/index.php?rest_route=\/wp\/v2\/pages\/3625","targetHints":{"allow":["GET"]}}],"collection":[{"href":"https:\/\/xn--lfsreisen-z7a.de\/index.php?rest_route=\/wp\/v2\/pages"}],"about":[{"href":"https:\/\/xn--lfsreisen-z7a.de\/index.php?rest_route=\/wp\/v2\/types\/page"}],"author":[{"embeddable":true,"href":"https:\/\/xn--lfsreisen-z7a.de\/index.php?rest_route=\/wp\/v2\/users\/1"}],"replies":[{"embeddable":true,"href":"https:\/\/xn--lfsreisen-z7a.de\/index.php?rest_route=%2Fwp%2Fv2%2Fcomments&post=3625"}],"version-history":[{"count":1,"href":"https:\/\/xn--lfsreisen-z7a.de\/index.php?rest_route=\/wp\/v2\/pages\/3625\/revisions"}],"predecessor-version":[{"id":3626,"href":"https:\/\/xn--lfsreisen-z7a.de\/index.php?rest_route=\/wp\/v2\/pages\/3625\/revisions\/3626"}],"wp:attachment":[{"href":"https:\/\/xn--lfsreisen-z7a.de\/index.php?rest_route=%2Fwp%2Fv2%2Fmedia&parent=3625"}],"curies":[{"name":"wp","href":"https:\/\/api.w.org\/{rel}","templated":true}]}}