{"id":3145,"date":"2018-09-12T21:39:36","date_gmt":"2018-09-12T19:39:36","guid":{"rendered":"http:\/\/xn--lfsreisen-z7a.de\/?page_id=3145"},"modified":"2025-10-09T20:11:46","modified_gmt":"2025-10-09T18:11:46","slug":"ziellos-2018","status":"publish","type":"page","link":"https:\/\/xn--lfsreisen-z7a.de\/?page_id=3145","title":{"rendered":"Ziellos 2018"},"content":{"rendered":"<p>Im September 2018 ging es dann nochmal f\u00fcr gute zwei Wochen auf Tour. Da wir bis zur Abfahrt noch keine genauen Pl\u00e4ne hatten, wo uns die Reise hinf\u00fchren w\u00fcrde, dieser aussagekr\u00e4ftige Tourentitel <\/p>\n<p>Die einzelnen Beitr\u00e4ge aus diesem Urlaub sind hier zu finden:<\/p>\n<h2 class=\"display-posts-title\">Ziellose Rundreise 2018<\/h2>\n<ul class=\"display-posts-listing\"><li class=\"listing-item\"><a class=\"title\" href=\"https:\/\/xn--lfsreisen-z7a.de\/?p=3135\">Von Olle Use \u00fcber Sch\u00f6ner Wohnen bis zur Elbe<\/a> <span class=\"date\">(11.Sep. 2018)<\/span> <span class=\"excerpt-dash\">-<\/span> <span class=\"excerpt\">Am Freitag war das Tagewerk bereits zur Mittagszeit vollbracht. Die Einweihung des nigelnagelneuen Arbeitstisches f\u00fcr das Home Office in Osnabr\u00fcck war nach etwa f\u00fcnf Stunden erledigt und wir konnten uns&hellip; <span class=\"excerpt-more\">...<\/span><\/span><\/li><li class=\"listing-item\"><a class=\"title\" href=\"https:\/\/xn--lfsreisen-z7a.de\/?p=3151\">Eisesk\u00e4lte<\/a> <span class=\"date\">(12.Sep. 2018)<\/span> <span class=\"excerpt-dash\">-<\/span> <span class=\"excerpt\">Die Nacht unter den Eichen verlief erstaunlich ruhig. Unsere Nachbarn dagegen, die fast gleichzeitig mit uns ankamen und mit Wohnwagen und Vorzelt deutlich mehr Angriffsfl\u00e4che anboten, haben morgens die Nerven&hellip; <span class=\"excerpt-more\">...<\/span><\/span><\/li><li class=\"listing-item\"><a class=\"title\" href=\"https:\/\/xn--lfsreisen-z7a.de\/?p=3160\">Gl\u00fcckspilz in Gl\u00fccksburg<\/a> <span class=\"date\">(13.Sep. 2018)<\/span> <span class=\"excerpt-dash\">-<\/span> <span class=\"excerpt\">Norwegische Verh\u00e4ltnisse zum Fr\u00fchst\u00fcck. Nach dem gestrigen, doch eher fr\u00f6steligen Auftritt vom Wetterfrosch konnten wir heute morgen bei strahlend blauem Himmel auf unserer leeren Urlauberwiese wieder im sommerlichen Outfit die&hellip; <span class=\"excerpt-more\">...<\/span><\/span><\/li><li class=\"listing-item\"><a class=\"title\" href=\"https:\/\/xn--lfsreisen-z7a.de\/?p=3179\">Ende der Einsamkeit<\/a> <span class=\"date\">(15.Sep. 2018)<\/span> <span class=\"excerpt-dash\">-<\/span> <span class=\"excerpt\">Am Freitag entschlossen wir uns, eine weitere Nacht auf dem ruhigen und einsamen Platz zu verbringen. Genug der Fahrerei. Im Rest von D\u00e4nemark war das Wetter eh schlechter vorhergesagt. Der&hellip; <span class=\"excerpt-more\">...<\/span><\/span><\/li><li class=\"listing-item\"><a class=\"title\" href=\"https:\/\/xn--lfsreisen-z7a.de\/?p=3192\">Mitten im Saisonfinale<\/a> <span class=\"date\">(16.Sep. 2018)<\/span> <span class=\"excerpt-dash\">-<\/span> <span class=\"excerpt\">\u00dcber Bewertungsportale im Internet hat ja vermutlich jeder seine Meinung. Sie helfen einem gute und schlechte Eigenschaften von Produkten oder z.B. Campingpl\u00e4tzen geb\u00fcndelt an einer Stelle zu erfassen und gegeneinander&hellip; <span class=\"excerpt-more\">...<\/span><\/span><\/li><li class=\"listing-item\"><a class=\"title\" href=\"https:\/\/xn--lfsreisen-z7a.de\/?p=3200\">Wetteronline soll mal lieber Cornflakes z\u00e4hlen gehen<\/a> <span class=\"date\">(17.Sep. 2018)<\/span> <span class=\"excerpt-dash\">-<\/span> <span class=\"excerpt\">Was ist nur los mit diesen ganzen Wetterdiensten? L\u00e4sst sich eine professionelle und vor allem treffsichere Wettervorhersage nur mit Hilfe von Raketenforschung, Geheimdiensten oder esoterischen Quacksalbern erstellen? Wir h\u00fcpfen hier&hellip; <span class=\"excerpt-more\">...<\/span><\/span><\/li><li class=\"listing-item\"><a class=\"title\" href=\"https:\/\/xn--lfsreisen-z7a.de\/?p=3210\">Strandtag<\/a> <span class=\"date\">(18.Sep. 2018)<\/span> <span class=\"excerpt-dash\">-<\/span> <span class=\"excerpt\">Unser eigener Wetterdienst vom Vortag war gar nicht so schlecht. Der Morgen begr\u00fc\u00dfte uns endlich mit strahlend blauem Himmel, dass es nur so eine Freude war. Das Thermometer machte sich&hellip; <span class=\"excerpt-more\">...<\/span><\/span><\/li><li class=\"listing-item\"><a class=\"title\" href=\"https:\/\/xn--lfsreisen-z7a.de\/?p=3221\">Die schreienden Esoterik-Elsen von Henne Strand<\/a> <span class=\"date\">(19.Sep. 2018)<\/span> <span class=\"excerpt-dash\">-<\/span> <span class=\"excerpt\">Heute stand abermals ein Strandtag auf dem Programm. Allerdings dieses Mal nicht zum Sonnenbaden und in den D\u00fcnen liegen. Denn zum einen war die Sonne heute nicht ganz so ergiebig&hellip; <span class=\"excerpt-more\">...<\/span><\/span><\/li><li class=\"listing-item\"><a class=\"title\" href=\"https:\/\/xn--lfsreisen-z7a.de\/?p=3229\">Jutta im Gl\u00fcck oder die Flucht vor dem Regen<\/a> <span class=\"date\">(20.Sep. 2018)<\/span> <span class=\"excerpt-dash\">-<\/span> <span class=\"excerpt\">Ein Land, in dem es allerorten direkt an der Stra\u00dfe Verkaufsst\u00e4nde f\u00fcr frisches Gem\u00fcse oder Obst oder auch Brennholz auf Vertrauensbasis gibt, muss an dieser Stelle \u00fcbrigens nochmal extra gelobt&hellip; <span class=\"excerpt-more\">...<\/span><\/span><\/li><li class=\"listing-item\"><a class=\"title\" href=\"https:\/\/xn--lfsreisen-z7a.de\/?p=3232\">\u00dcberraschungsbesuch in Gro\u00dfenbrode<\/a> <span class=\"date\">(21.Sep. 2018)<\/span> <span class=\"excerpt-dash\">-<\/span> <span class=\"excerpt\">Wieder ein neuer Tag und wieder ein neuer Eintrag ins Logbuch, der erneut auf das Wetter eingehen muss. Den ganzen Sommer \u00fcber hatte das Wetter als Gespr\u00e4chsthema ja eher gelangweilt,&hellip; <span class=\"excerpt-more\">...<\/span><\/span><\/li><li class=\"listing-item\"><a class=\"title\" href=\"https:\/\/xn--lfsreisen-z7a.de\/?p=3242\">Nur ein bisschen Wind<\/a> <span class=\"date\">(22.Sep. 2018)<\/span> <span class=\"excerpt-dash\">-<\/span> <span class=\"excerpt\">Die Nacht war anfangs wackelig, wurde dann aber gl\u00fccklicherweise irgendwann ruhiger. Der Morgen begr\u00fc\u00dfte uns dann erneut mit herrlichem Sonnenschein, aber doch immer noch kr\u00e4ftigem Wind. Der Deich hier ist&hellip; <span class=\"excerpt-more\">...<\/span><\/span><\/li><li class=\"listing-item\"><a class=\"title\" href=\"https:\/\/xn--lfsreisen-z7a.de\/?p=3257\">Halligalli in Burg<\/a> <span class=\"date\">(23.Sep. 2018)<\/span> <span class=\"excerpt-dash\">-<\/span> <span class=\"excerpt\">Heute war Schmalhans K\u00fcchenchef zum Fr\u00fchst\u00fcck. Am heiligen Sonntag hat verst\u00e4ndlicherweise auch der Br\u00f6tchenservice auf dem Campingplatz mal Ruhepause. Der n\u00e4chste Supermarkt nebst B\u00e4ckerei, der es mit der Heiligkeit des&hellip; <span class=\"excerpt-more\">...<\/span><\/span><\/li><li class=\"listing-item\"><a class=\"title\" href=\"https:\/\/xn--lfsreisen-z7a.de\/?p=3266\">Wind<\/a> <span class=\"date\">(24.Sep. 2018)<\/span> <span class=\"excerpt-dash\">-<\/span> <span class=\"excerpt\">Vorsicht ist die Mutter der Porzellankiste. Wenn die Porzellankiste auch noch heftigen Sturmb\u00f6en ausgesetzt ist, dann ist aber intensivste Obacht angesagt. So geschehen gestern Abend als wir sehen mussten, dass&hellip; <span class=\"excerpt-more\">...<\/span><\/span><\/li><li class=\"listing-item\"><a class=\"title\" href=\"https:\/\/xn--lfsreisen-z7a.de\/?p=3278\">Abschlussfeier<\/a> <span class=\"date\">(25.Sep. 2018)<\/span> <span class=\"excerpt-dash\">-<\/span> <span class=\"excerpt\">Die Nacht war ruhig, aber f\u00fcr so einen Sommerurlaub doch ausgesprochen kalt. Wenn beim Wetterdienst die offizielle gef\u00fchlte Temperatur an einem sonnigen Morgen im September mit zwei Grad Celsius angegeben&hellip; <span class=\"excerpt-more\">...<\/span><\/span><\/li><\/ul>\n","protected":false},"excerpt":{"rendered":"<p>Im September 2018 ging es dann nochmal f\u00fcr gute zwei Wochen auf Tour. Da wir bis zur Abfahrt noch keine genauen Pl\u00e4ne hatten, wo uns die Reise hinf\u00fchren w\u00fcrde, dieser aussagekr\u00e4ftige Tourentitel Die einzelnen Beitr\u00e4ge aus diesem Urlaub sind hier zu finden:<\/p>\n","protected":false},"author":1,"featured_media":0,"parent":1993,"menu_order":0,"comment_status":"closed","ping_status":"closed","template":"","meta":{"ocean_post_layout":"","ocean_both_sidebars_style":"","ocean_both_sidebars_content_width":0,"ocean_both_sidebars_sidebars_width":0,"ocean_sidebar":"","ocean_second_sidebar":"","ocean_disable_margins":"enable","ocean_add_body_class":"","ocean_shortcode_before_top_bar":"","ocean_shortcode_after_top_bar":"","ocean_shortcode_before_header":"","ocean_shortcode_after_header":"","ocean_has_shortcode":"","ocean_shortcode_after_title":"","ocean_shortcode_before_footer_widgets":"","ocean_shortcode_after_footer_widgets":"","ocean_shortcode_before_footer_bottom":"","ocean_shortcode_after_footer_bottom":"","ocean_display_top_bar":"default","ocean_display_header":"default","ocean_header_style":"","ocean_center_header_left_menu":"","ocean_custom_header_template":"","ocean_custom_logo":0,"ocean_custom_retina_logo":0,"ocean_custom_logo_max_width":0,"ocean_custom_logo_tablet_max_width":0,"ocean_custom_logo_mobile_max_width":0,"ocean_custom_logo_max_height":0,"ocean_custom_logo_tablet_max_height":0,"ocean_custom_logo_mobile_max_height":0,"ocean_header_custom_menu":"","ocean_menu_typo_font_family":"","ocean_menu_typo_font_subset":"","ocean_menu_typo_font_size":0,"ocean_menu_typo_font_size_tablet":0,"ocean_menu_typo_font_size_mobile":0,"ocean_menu_typo_font_size_unit":"px","ocean_menu_typo_font_weight":"","ocean_menu_typo_font_weight_tablet":"","ocean_menu_typo_font_weight_mobile":"","ocean_menu_typo_transform":"","ocean_menu_typo_transform_tablet":"","ocean_menu_typo_transform_mobile":"","ocean_menu_typo_line_height":0,"ocean_menu_typo_line_height_tablet":0,"ocean_menu_typo_line_height_mobile":0,"ocean_menu_typo_line_height_unit":"","ocean_menu_typo_spacing":0,"ocean_menu_typo_spacing_tablet":0,"ocean_menu_typo_spacing_mobile":0,"ocean_menu_typo_spacing_unit":"","ocean_menu_link_color":"","ocean_menu_link_color_hover":"","ocean_menu_link_color_active":"","ocean_menu_link_background":"","ocean_menu_link_hover_background":"","ocean_menu_link_active_background":"","ocean_menu_social_links_bg":"","ocean_menu_social_hover_links_bg":"","ocean_menu_social_links_color":"","ocean_menu_social_hover_links_color":"","ocean_disable_title":"default","ocean_disable_heading":"default","ocean_post_title":"","ocean_post_subheading":"","ocean_post_title_style":"","ocean_post_title_background_color":"","ocean_post_title_background":0,"ocean_post_title_bg_image_position":"","ocean_post_title_bg_image_attachment":"","ocean_post_title_bg_image_repeat":"","ocean_post_title_bg_image_size":"","ocean_post_title_height":0,"ocean_post_title_bg_overlay":0.5,"ocean_post_title_bg_overlay_color":"","ocean_disable_breadcrumbs":"default","ocean_breadcrumbs_color":"","ocean_breadcrumbs_separator_color":"","ocean_breadcrumbs_links_color":"","ocean_breadcrumbs_links_hover_color":"","ocean_display_footer_widgets":"default","ocean_display_footer_bottom":"default","ocean_custom_footer_template":"","jetpack_post_was_ever_published":false,"footnotes":""},"class_list":["post-3145","page","type-page","status-publish","hentry","entry","has-media"],"jetpack_sharing_enabled":true,"jetpack_shortlink":"https:\/\/wp.me\/P8v7mw-OJ","jetpack-related-posts":[],"_links":{"self":[{"href":"https:\/\/xn--lfsreisen-z7a.de\/index.php?rest_route=\/wp\/v2\/pages\/3145","targetHints":{"allow":["GET"]}}],"collection":[{"href":"https:\/\/xn--lfsreisen-z7a.de\/index.php?rest_route=\/wp\/v2\/pages"}],"about":[{"href":"https:\/\/xn--lfsreisen-z7a.de\/index.php?rest_route=\/wp\/v2\/types\/page"}],"author":[{"embeddable":true,"href":"https:\/\/xn--lfsreisen-z7a.de\/index.php?rest_route=\/wp\/v2\/users\/1"}],"replies":[{"embeddable":true,"href":"https:\/\/xn--lfsreisen-z7a.de\/index.php?rest_route=%2Fwp%2Fv2%2Fcomments&post=3145"}],"version-history":[{"count":1,"href":"https:\/\/xn--lfsreisen-z7a.de\/index.php?rest_route=\/wp\/v2\/pages\/3145\/revisions"}],"predecessor-version":[{"id":3146,"href":"https:\/\/xn--lfsreisen-z7a.de\/index.php?rest_route=\/wp\/v2\/pages\/3145\/revisions\/3146"}],"up":[{"embeddable":true,"href":"https:\/\/xn--lfsreisen-z7a.de\/index.php?rest_route=\/wp\/v2\/pages\/1993"}],"wp:attachment":[{"href":"https:\/\/xn--lfsreisen-z7a.de\/index.php?rest_route=%2Fwp%2Fv2%2Fmedia&parent=3145"}],"curies":[{"name":"wp","href":"https:\/\/api.w.org\/{rel}","templated":true}]}}